-3*i - 3*q = -6*i + u, -5*i - q + 56 = 0. What is the tens digit of i?
1
Suppose o = 4*o - 3*t + 78, 84 = -3*o + 5*t. Let y = -19 - o. What is the units digit of y?
4
Suppose 20 = d - 0. Suppose 0 = 3*v + 2*v - d. What is the units digit of v?
4
Let j = 59 - -37. What is the tens digit of j?
9
Let r(f) = -19*f**2 - 3*f**3 + f + 23*f**2 - 1 + 2*f**3. Let t be r(4). Suppose 5*w = 17 + t. What is the units digit of w?
4
Let v(q) = q**3 + 6*q**2 + q + 4. Let r be v(-6). Let t(w) = -2*w**3 - w**2 - 2*w. What is the units digit of t(r)?
6
Suppose 2*t + 2 = 0, 4*c - t = -5 + 10. Suppose -c = -2*m - 5. What is the units digit of 100/8 + (-1)/m?
3
Suppose 0 = 2*x - 134 - 54. What is the tens digit of x?
9
Let t be (2/6)/((-2)/(-174)). Suppose 3*n = -n - h + 13, 0 = -n + h + 7. Suppose 3*y - t = -u, 0*y - 60 = -n*y + 4*u. What is the units digit of y?
1
What is the units digit of (-1)/(((-5)/((-110)/4))/(-2))?
1
Let r(g) = -6*g**3 - g**2 + 16*g - 5. What is the tens digit of r(-4)?
9
Suppose h + 2*h = 6. Suppose -c + h = -3. Suppose -40 = -c*p - 0*p. What is the units digit of p?
8
What is the units digit of 5*6*(-7)/(-5)?
2
Suppose z + 4 = -z. Let f = z - -2. Suppose -a - 2*a + 6 = f. What is the units digit of a?
2
Suppose -l + 6 = -3*l. Suppose 5*s + 0*i = 2*i + 26, 4*s - 3*i = 25. Let p = s + l. What is the units digit of p?
1
Suppose 0 = -5*i - 16 - 39. Let o = -5 - i. What is the units digit of o?
6
Suppose -l = -30 - 24. Suppose -5*a = -3*a + l. What is the tens digit of 6*6/a*-9?
1
Suppose -28*i + 17*i = -1914. What is the hundreds digit of i?
1
What is the tens digit of 17/85 + 644/5?
2
Let s be 100/12 - 1/3. Let a be (-2)/11 - 159/33. Let n = a + s. What is the units digit of n?
3
What is the tens digit of (-3 - -1)/((-4)/392)?
9
Suppose -5*l - 85 - 15 = 0. Let q = -10 - l. Suppose 0 = 7*a - 2*a - q. What is the units digit of a?
2
Let g(b) = b - 1. Let v = 1 + 3. Suppose -2*d + 7*d - 4*s = 65, v*d - 3*s - 51 = 0. What is the units digit of g(d)?
8
Let g(w) be the second derivative of -w**4/12 + 17*w**2/2 - 2*w. What is the units digit of g(0)?
7
Let g be -2 + 4 - (1 - 0). What is the units digit of (16/(-10))/(g/(-5))?
8
What is the units digit of 4*15/(-10) - -13?
7
Let g be 18/(-8) - (-2)/8. What is the units digit of g - ((-12)/(-4) + -18)?
3
Suppose z = 103 - 94. What is the units digit of z?
9
Let g be 142/(-2) + (-8)/8. Let v = 109 + g. What is the tens digit of v?
3
Let y = -6 - -7. Let j = 0 - -1. Let d = y + j. What is the units digit of d?
2
Let a(f) = 50*f + 3. What is the units digit of a(1)?
3
Let i(l) = -l**2 + 10*l + 1. Let h be i(12). Let c = 44 + h. What is the units digit of c?
1
Suppose 32 + 8 = 5*q. Let v be (12/(-2))/3 + q. What is the units digit of (9/v)/(-3)*-26?
3
Suppose -16*w = -2*w - 2324. What is the units digit of w?
6
What is the tens digit of (-2645)/(-46) + (-2)/(-4)?
5
Suppose 0 = 4*d + 2*n - 72, n - 3*n = 3*d - 53. What is the units digit of d?
9
Suppose 3*t = 5*t + 4*s - 26, -s = 5*t - 38. Let q = t + -3. What is the units digit of q?
4
Let j(r) = -r**3 - 4*r**2 + 3. Let y be j(-4). Let o(s) = s**3 - s**2 + s - 2. What is the units digit of o(y)?
9
Suppose -4*j = -6*j + g - 3, 0 = 3*j - 3*g + 9. What is the units digit of (j - -2) + (9 - -1)?
2
Suppose 2*a + 2*a + 4 = 0. Let n = 13 - a. What is the tens digit of n?
1
Let i(s) be the first derivative of 2*s**3/3 - 4*s**2 - 11*s + 10. What is the tens digit of i(8)?
5
Let h be (0 + -14)/2 - -1. What is the units digit of 27 + (-2)/(h/9)?
0
Let m(b) = b**3 + 7*b**2 + 5*b - 7. Let r be m(-6). What is the tens digit of (-5)/((-12)/(-16) + r)?
2
Suppose 1 - 2 = -v. Let d(c) = 4*c + 5*c - 5*c + 5*c. What is the units digit of d(v)?
9
Let b(n) = 10*n**2 + 24*n + 13. What is the tens digit of b(-7)?
3
Let h(j) = 10*j + 3*j**3 - 1 - 4*j**3 + 12 - 8*j**2. Let b be h(-9). Let f = b + 3. What is the units digit of f?
5
Let q(o) = -12*o**2 - 5*o - 6. Let m(g) = 35*g**2 + 14*g + 17. Let v(w) = 6*m(w) + 17*q(w). Let a be v(1). Suppose -x - a = -20. What is the tens digit of x?
1
Let y(r) = -r**3 - 3*r**2 - 5*r - 3. Let d be y(-6). Suppose 3*k - 120 = -3*i, -4*i + d = -0*k - k. What is the units digit of i?
5
Suppose a = 0, -3*u + a = 4*a - 12. Suppose -u*w - 5*t - 12 = 0, -w + 3*w + 12 = -4*t. What is the units digit of w?
2
Suppose 6*b - 271 = 155. What is the units digit of b?
1
Suppose -2 = 5*w - 12. Suppose w = 2*m - 2. Suppose z = -m*z + 21. What is the units digit of z?
7
Let l(z) = z + 1. Let a(d) = 4*d**3 + d**2. Let k be a(1). Let h be l(k). Suppose 4 = 2*t - h. What is the units digit of t?
5
Suppose v - 15 = 6*v. Let s = v + 4. What is the units digit of s?
1
Let f be (-340)/(-35) - 2/(-7). Let a be ((-28)/(-8))/(1/f). Suppose -4*v - v = -a. What is the units digit of v?
7
Let f(y) = -23*y**3 - 2*y**2 - 3*y - 1. What is the units digit of f(-1)?
3
Suppose 2*g - 12 = -3*s, 3*s + 3*g - 26 = -11. Suppose 0*j + s*j - 2 = 0. What is the units digit of j/((14/(-4))/(-7))?
2
Let i(j) = j**3 + 15*j**2 - 23*j - 36. What is the tens digit of i(-16)?
7
Let i be ((-7)/2 + -1)*-2. Let x(v) be the first derivative of 3*v**2/2 - 9*v - 5. What is the units digit of x(i)?
8
Let m be 3/9 - 2/(-3). What is the units digit of (0 + -2 + 9)*m?
7
Let i = 111 + 132. What is the hundreds digit of i?
2
Suppose -b + 5*x + 59 = 0, 216 = 5*b + 3*x - 23. What is the tens digit of b?
4
Let j(g) = -g - 3 + 5 + 2*g. Suppose -25 - 5 = -5*h. What is the units digit of j(h)?
8
Suppose 34 = o + 3*r - 1, 193 = 5*o - 3*r. What is the units digit of o?
8
Let h be (-1 - (2 - 1)) + -41. Let b = -26 - h. What is the units digit of b?
7
Suppose -2*x - 3*x = -335. What is the units digit of x?
7
Let c(x) = -x**3 + 2*x**2 + 5*x - 3. Let o be c(3). Suppose -w + 25 + 4 = -o*a, -113 = -3*w - 4*a. What is the tens digit of w?
3
Let o(d) = d**2 + 22*d - 4. What is the units digit of o(-24)?
4
Let c = 44 - 18. What is the units digit of c?
6
Suppose 25 + 46 = v. What is the units digit of v?
1
What is the tens digit of (-3)/3 + 0 - -28?
2
Suppose 2*f + 43 = 2*t + t, 70 = 5*t - 3*f. Suppose -9*o + t = -8*o. What is the units digit of o?
1
Let o be (3 - 0)*(-2)/3. Let n = o - -7. Suppose -n*m - 3 = -13. What is the units digit of m?
2
What is the units digit of (-42)/(3/(-1)) + -1?
3
Suppose -6*t = -246 - 720. What is the hundreds digit of t?
1
Suppose 4*o = 8, -2*t + 0*t = -5*o - 80. Suppose -2*i + t = 3*i. What is the units digit of i?
9
Let t be (-22)/(-4)*14/(-7). Suppose -5*r = 2*b - 38, -b - 2*r + 19 = -1. Let p = t + b. What is the units digit of p?
3
Let q(f) = f**2 - 2*f - 1. Let i be q(3). What is the units digit of (2/6)/(i/24)?
4
Suppose -2*w = -t - 15, 8*w - 35 = 3*w + 2*t. Suppose -3*j = -4*o + 4, -2*j + 5*j = w*o - 5. Suppose j = f - 4. What is the units digit of f?
4
Let w be 0/1*(0 + -1). Suppose 3*l - 6*l + 9 = w. What is the units digit of l?
3
Suppose h = 5, 0 = 2*z + 2*z - 2*h - 646. What is the units digit of z?
4
Suppose -3*n = 5*l + 5, -4*l + 2*l + 19 = -3*n. Suppose g = -3*s - l*g - 6, g = -5. What is the units digit of s?
3
Suppose -5*y - 124 = -3*n, 0 = -4*y + 3*n - 2*n - 102. Let z = 22 - y. What is the tens digit of z?
4
Suppose -1036 = -5*l + 44. Suppose -8*a + l = -2*a. What is the units digit of a?
6
Let w = -6 - -5. Let m be (-1)/w*-1 + 40. Suppose 0*v + 3*v = m. What is the tens digit of v?
1
Let n be (18/(-30))/(2/(-10)). Suppose 34 = 5*z - n*z. What is the units digit of z?
7
Let r(h) = h**3 - 2*h**2 - h + 4. Let j be r(5). Suppose 21 = -2*w - m + 63, -3*m - j = -4*w. What is the units digit of w?
0
Suppose j - 2 - 2 = 0. Let q = -13 - -16. Let c = q + j. What is the units digit of c?
7
Let y = 10 + -8. Suppose 0 = c - y - 9. What is the units digit of c?
1
Let g = -2 - -35. What is the units digit of g?
3
Suppose 0 = -6*f + 5*f - 13. Let y = 26 + f. What is the tens digit of y?
1
Suppose -53 + 8 = -5*q. Suppose -5*x = 2*c - 23, 6*x - 3*x = 4*c + 19. Let w = c + q. What is the units digit of w?
8
Let j(t) = -4 + 5 + 9*t + 2*t. Let d be j(1). What is the units digit of 12/2*4/d?
2
Let m(p) = -p**3 - 12*p**2 - 25*p - 26. What is the hundreds digit of m(-11)?
1
Let t = 134 + -88. What is the tens digit of t?
4
Suppose 0 = -5*m - 2 + 147. What is the tens digit of m?
2
Let a(v) 